{"id":4265,"date":"2021-07-06T18:42:28","date_gmt":"2021-07-06T17:42:28","guid":{"rendered":"https:\/\/www.mirjampolman.com\/?page_id=4265"},"modified":"2025-06-23T17:43:57","modified_gmt":"2025-06-23T18:43:57","slug":"la-artista","status":"publish","type":"page","link":"https:\/\/www.mirjampolman.com\/landing\/about-us\/la-artista\/?lang=es","title":{"rendered":"La Artista"},"content":{"rendered":"<p>&nbsp;<\/p>\n<p>&nbsp;<\/p>\n<p>Sobre la artista:<\/p>\n<p>La creatividad la lleva desde ni\u00f1a. Dibujar y esculpir fueron sus actividades favoritas en su juventud. En los a\u00f1os siguientes, descubri\u00f3 las posibilidades de trabajar con acuarela, acr\u00edlico y \u00f3leo. Tras trabajar en los Pa\u00edses Bajos durante a\u00f1os, desde 2013 reside con su marido en una de las islas Canarias m\u00e1s peque\u00f1as, La Gomera. El azul intenso del oc\u00e9ano, la naturaleza agreste y los hermosos colores de las casas pintadas influyen especialmente en su obra.<\/p>\n<p>Mirjam empez\u00f3 vendiendo peque\u00f1as decoraciones de pared minimalistas hechas con vidrio marino, madera flotante y guijarros en un mercado de artesan\u00eda: Beach-Art. Se convirti\u00f3 en un \u00e9xito entre los clientes que regresaban y los visitantes curiosos que solo conoc\u00edan su obra de o\u00eddas y quer\u00edan verla en persona. En los a\u00f1os siguientes, su trabajo se expandi\u00f3 y se vendi\u00f3 en diversos mercados y galer\u00edas. Esta obra est\u00e1 a la venta en varios lugares de La Gomera.<\/p>\n<p><img data-recalc-dims=\"1\" loading=\"lazy\" decoding=\"async\" class=\"wp-image-8212 alignright\" src=\"https:\/\/i0.wp.com\/www.mirjampolman.com\/wp-content\/uploads\/2025\/06\/Tripadvsor-BazArt-La-Gomera-foto-6.jpg?resize=450%2C253&#038;ssl=1\" alt=\"Winkel Mirjam Polman. Pagina over mij.\" width=\"450\" height=\"253\" srcset=\"https:\/\/i0.wp.com\/www.mirjampolman.com\/wp-content\/uploads\/2025\/06\/Tripadvsor-BazArt-La-Gomera-foto-6-scaled.jpg?resize=1024%2C576&amp;ssl=1 1024w, https:\/\/i0.wp.com\/www.mirjampolman.com\/wp-content\/uploads\/2025\/06\/Tripadvsor-BazArt-La-Gomera-foto-6-scaled.jpg?resize=300%2C169&amp;ssl=1 300w, https:\/\/i0.wp.com\/www.mirjampolman.com\/wp-content\/uploads\/2025\/06\/Tripadvsor-BazArt-La-Gomera-foto-6-scaled.jpg?resize=768%2C432&amp;ssl=1 768w, https:\/\/i0.wp.com\/www.mirjampolman.com\/wp-content\/uploads\/2025\/06\/Tripadvsor-BazArt-La-Gomera-foto-6-scaled.jpg?resize=1536%2C864&amp;ssl=1 1536w, https:\/\/i0.wp.com\/www.mirjampolman.com\/wp-content\/uploads\/2025\/06\/Tripadvsor-BazArt-La-Gomera-foto-6-scaled.jpg?resize=2048%2C1152&amp;ssl=1 2048w, https:\/\/i0.wp.com\/www.mirjampolman.com\/wp-content\/uploads\/2025\/06\/Tripadvsor-BazArt-La-Gomera-foto-6-scaled.jpg?w=2400&amp;ssl=1 2400w\" sizes=\"auto, (max-width: 450px) 100vw, 450px\" \/><\/p>\n<p>En 2015, comenz\u00f3 a crear <a href=\"https:\/\/www.mirjampolman.com\/landing\/about-us\/?lang=es\" target=\"_blank\" rel=\"noopener\">caligramas<\/a>: im\u00e1genes creadas escribiendo palabras min\u00fasculas, un nombre o un texto, con las que crea obras de arte impresionantes.<br \/>\nEstas pueden variar desde una evocadora imagen en miniatura. Para ejemplo\u00a0 un calle tipico espa\u00f1ol, un colibr\u00ed fr\u00e1gil o una imagen casi a tama\u00f1o natural de la cabeza de un le\u00f3n. Gran parte de su obra se env\u00eda a todo el mundo.<\/p>\n<p>En 2020, la artista abri\u00f3 una tienda con un peque\u00f1o estudio en San Sebasti\u00e1n, la capital de La Gomera. Esto permite a los visitantes verla trabajar in situ durante su <a href=\"https:\/\/www.mirjampolman.com\/landing\/about-us\/horario\/?lang=es\" target=\"_blank\" rel=\"noopener\">horario de apertura<\/a>.<\/p>\n<p>&nbsp;<\/p>\n<p><em>&#8220;Mirjam tiene buen ojo para las cosas peque\u00f1as y minimalistas. Su obra se caracteriza por su apariencia fina y elegante&#8221;<\/em><\/p>\n<h5><\/h5>\n<h5>DEL ARTISTA\u00a0 <img data-recalc-dims=\"1\" loading=\"lazy\" decoding=\"async\" class=\"alignright wp-image-8375\" src=\"https:\/\/i0.wp.com\/www.mirjampolman.com\/wp-content\/uploads\/2025\/06\/Profielfoto-Mirjam-Etsy-284x300.jpg?resize=250%2C264&#038;ssl=1\" alt=\"Artist Mirjam Polman. Calligram Art\" width=\"250\" height=\"264\" srcset=\"https:\/\/i0.wp.com\/www.mirjampolman.com\/wp-content\/uploads\/2025\/06\/Profielfoto-Mirjam-Etsy.jpg?resize=284%2C300&amp;ssl=1 284w, https:\/\/i0.wp.com\/www.mirjampolman.com\/wp-content\/uploads\/2025\/06\/Profielfoto-Mirjam-Etsy.jpg?w=714&amp;ssl=1 714w\" sizes=\"auto, (max-width: 250px) 100vw, 250px\" \/><\/h5>\n<p>Mi obra es min\u00fascula y precisa. Es un placer explicar mi t\u00e9cnica y m\u00e9todo de trabajo a los visitantes del taller. Me encanta el trabajo fino y detallado que requiere la creaci\u00f3n de un caligrama. Con un solo color y una sola herramienta &#8211; una pluma muy fina con tinta negra resistente a la luz -, realizo mi trabajo. Requiere concentraci\u00f3n y precisi\u00f3n crear un retrato impactante o un recuerdo de un ser querido fallecido. Si el cliente se sorprende o se conmueve al recibirlo, mi misi\u00f3n est\u00e1 cumplida.<\/p>\n<p>&nbsp;<\/p>\n<p>&nbsp;<\/p>\n","protected":false},"excerpt":{"rendered":"<p>&nbsp; &nbsp; Sobre la artista: La creatividad la lleva desde ni\u00f1a. Dibujar y esculpir fueron sus actividades favoritas en su juventud. En los a\u00f1os siguientes, descubri\u00f3 las posibilidades de trabajar con acuarela, acr\u00edlico y \u00f3leo. Tras trabajar en los Pa\u00edses Bajos durante a\u00f1os, desde 2013 reside con su marido en una de las islas Canarias&hellip;&nbsp;<\/p>\n","protected":false},"author":1,"featured_media":0,"parent":0,"menu_order":3,"comment_status":"closed","ping_status":"closed","template":"","meta":{"neve_meta_sidebar":"","neve_meta_container":"","neve_meta_enable_content_width":"off","neve_meta_content_width":100,"neve_meta_title_alignment":"","neve_meta_author_avatar":"","neve_post_elements_order":"","neve_meta_disable_header":"","neve_meta_disable_footer":"","neve_meta_disable_title":"on","jetpack_post_was_ever_published":false,"footnotes":""},"class_list":["post-4265","page","type-page","status-publish","hentry"],"yoast_head":"<!-- This site is optimized with the Yoast SEO plugin v27.4 - https:\/\/yoast.com\/product\/yoast-seo-wordpress\/ -->\n<title>La Artista - BazArt La Gomera<\/title>\n<meta name=\"description\" content=\"La artista habla: Con un solo color y una sola herramienta - una pluma muy fina - creo un caligrama. Descubre m\u00e1s sobre ella y su obra.\" \/>\n<meta name=\"robots\" content=\"index, follow, max-snippet:-1, max-image-preview:large, max-video-preview:-1\" \/>\n<link rel=\"canonical\" href=\"https:\/\/www.mirjampolman.com\/landing\/about-us\/la-artista\/?lang=es\" \/>\n<meta property=\"og:locale\" content=\"en_US\" \/>\n<meta property=\"og:type\" content=\"article\" \/>\n<meta property=\"og:title\" content=\"La Artista - BazArt La Gomera\" \/>\n<meta property=\"og:description\" content=\"La artista habla: Con un solo color y una sola herramienta - una pluma muy fina - creo un caligrama. Descubre m\u00e1s sobre ella y su obra.\" \/>\n<meta property=\"og:url\" content=\"https:\/\/www.mirjampolman.com\/landing\/about-us\/la-artista\/?lang=es\" \/>\n<meta property=\"og:site_name\" content=\"BazArt La Gomera\" \/>\n<meta property=\"article:publisher\" content=\"https:\/\/www.facebook.com\/Bazartlagomera\" \/>\n<meta property=\"article:modified_time\" content=\"2025-06-23T18:43:57+00:00\" \/>\n<meta property=\"og:image\" content=\"https:\/\/www.mirjampolman.com\/wp-content\/uploads\/2025\/06\/Tripadvsor-BazArt-La-Gomera-foto-6-1024x576.jpg\" \/>\n<meta name=\"twitter:card\" content=\"summary_large_image\" \/>\n<meta name=\"twitter:label1\" content=\"Est. reading time\" \/>\n\t<meta name=\"twitter:data1\" content=\"3 minutes\" \/>\n<script type=\"application\/ld+json\" class=\"yoast-schema-graph\">{\"@context\":\"https:\\\/\\\/schema.org\",\"@graph\":[{\"@type\":\"WebPage\",\"@id\":\"https:\\\/\\\/www.mirjampolman.com\\\/landing\\\/about-us\\\/la-artista\\\/?lang=es\",\"url\":\"https:\\\/\\\/www.mirjampolman.com\\\/landing\\\/about-us\\\/la-artista\\\/?lang=es\",\"name\":\"La Artista - BazArt La Gomera\",\"isPartOf\":{\"@id\":\"https:\\\/\\\/www.mirjampolman.com\\\/landing\\\/about-us\\\/#website\"},\"primaryImageOfPage\":{\"@id\":\"https:\\\/\\\/www.mirjampolman.com\\\/landing\\\/about-us\\\/la-artista\\\/?lang=es#primaryimage\"},\"image\":{\"@id\":\"https:\\\/\\\/www.mirjampolman.com\\\/landing\\\/about-us\\\/la-artista\\\/?lang=es#primaryimage\"},\"thumbnailUrl\":\"https:\\\/\\\/www.mirjampolman.com\\\/wp-content\\\/uploads\\\/2025\\\/06\\\/Tripadvsor-BazArt-La-Gomera-foto-6-1024x576.jpg\",\"datePublished\":\"2021-07-06T17:42:28+00:00\",\"dateModified\":\"2025-06-23T18:43:57+00:00\",\"description\":\"La artista habla: Con un solo color y una sola herramienta - una pluma muy fina - creo un caligrama. Descubre m\u00e1s sobre ella y su obra.\",\"breadcrumb\":{\"@id\":\"https:\\\/\\\/www.mirjampolman.com\\\/landing\\\/about-us\\\/la-artista\\\/?lang=es#breadcrumb\"},\"inLanguage\":\"en-US\",\"potentialAction\":[{\"@type\":\"ReadAction\",\"target\":[\"https:\\\/\\\/www.mirjampolman.com\\\/landing\\\/about-us\\\/la-artista\\\/?lang=es\"]}]},{\"@type\":\"ImageObject\",\"inLanguage\":\"en-US\",\"@id\":\"https:\\\/\\\/www.mirjampolman.com\\\/landing\\\/about-us\\\/la-artista\\\/?lang=es#primaryimage\",\"url\":\"https:\\\/\\\/www.mirjampolman.com\\\/wp-content\\\/uploads\\\/2025\\\/06\\\/Tripadvsor-BazArt-La-Gomera-foto-6-1024x576.jpg\",\"contentUrl\":\"https:\\\/\\\/www.mirjampolman.com\\\/wp-content\\\/uploads\\\/2025\\\/06\\\/Tripadvsor-BazArt-La-Gomera-foto-6-1024x576.jpg\"},{\"@type\":\"BreadcrumbList\",\"@id\":\"https:\\\/\\\/www.mirjampolman.com\\\/landing\\\/about-us\\\/la-artista\\\/?lang=es#breadcrumb\",\"itemListElement\":[{\"@type\":\"ListItem\",\"position\":1,\"name\":\"Home\",\"item\":\"https:\\\/\\\/www.mirjampolman.com\\\/landing\\\/about-us\\\/\"},{\"@type\":\"ListItem\",\"position\":2,\"name\":\"La Artista\"}]},{\"@type\":\"WebSite\",\"@id\":\"https:\\\/\\\/www.mirjampolman.com\\\/landing\\\/about-us\\\/#website\",\"url\":\"https:\\\/\\\/www.mirjampolman.com\\\/landing\\\/about-us\\\/\",\"name\":\"BazArt La Gomera\",\"description\":\"Fine Art &amp; Handmade Gifts\",\"potentialAction\":[{\"@type\":\"SearchAction\",\"target\":{\"@type\":\"EntryPoint\",\"urlTemplate\":\"https:\\\/\\\/www.mirjampolman.com\\\/landing\\\/about-us\\\/?s={search_term_string}\"},\"query-input\":{\"@type\":\"PropertyValueSpecification\",\"valueRequired\":true,\"valueName\":\"search_term_string\"}}],\"inLanguage\":\"en-US\"}]}<\/script>\n<!-- \/ Yoast SEO plugin. -->","yoast_head_json":{"title":"La Artista - BazArt La Gomera","description":"La artista habla: Con un solo color y una sola herramienta - una pluma muy fina - creo un caligrama. Descubre m\u00e1s sobre ella y su obra.","robots":{"index":"index","follow":"follow","max-snippet":"max-snippet:-1","max-image-preview":"max-image-preview:large","max-video-preview":"max-video-preview:-1"},"canonical":"https:\/\/www.mirjampolman.com\/landing\/about-us\/la-artista\/?lang=es","og_locale":"en_US","og_type":"article","og_title":"La Artista - BazArt La Gomera","og_description":"La artista habla: Con un solo color y una sola herramienta - una pluma muy fina - creo un caligrama. Descubre m\u00e1s sobre ella y su obra.","og_url":"https:\/\/www.mirjampolman.com\/landing\/about-us\/la-artista\/?lang=es","og_site_name":"BazArt La Gomera","article_publisher":"https:\/\/www.facebook.com\/Bazartlagomera","article_modified_time":"2025-06-23T18:43:57+00:00","og_image":[{"url":"https:\/\/www.mirjampolman.com\/wp-content\/uploads\/2025\/06\/Tripadvsor-BazArt-La-Gomera-foto-6-1024x576.jpg","type":"","width":"","height":""}],"twitter_card":"summary_large_image","twitter_misc":{"Est. reading time":"3 minutes"},"schema":{"@context":"https:\/\/schema.org","@graph":[{"@type":"WebPage","@id":"https:\/\/www.mirjampolman.com\/landing\/about-us\/la-artista\/?lang=es","url":"https:\/\/www.mirjampolman.com\/landing\/about-us\/la-artista\/?lang=es","name":"La Artista - BazArt La Gomera","isPartOf":{"@id":"https:\/\/www.mirjampolman.com\/landing\/about-us\/#website"},"primaryImageOfPage":{"@id":"https:\/\/www.mirjampolman.com\/landing\/about-us\/la-artista\/?lang=es#primaryimage"},"image":{"@id":"https:\/\/www.mirjampolman.com\/landing\/about-us\/la-artista\/?lang=es#primaryimage"},"thumbnailUrl":"https:\/\/www.mirjampolman.com\/wp-content\/uploads\/2025\/06\/Tripadvsor-BazArt-La-Gomera-foto-6-1024x576.jpg","datePublished":"2021-07-06T17:42:28+00:00","dateModified":"2025-06-23T18:43:57+00:00","description":"La artista habla: Con un solo color y una sola herramienta - una pluma muy fina - creo un caligrama. Descubre m\u00e1s sobre ella y su obra.","breadcrumb":{"@id":"https:\/\/www.mirjampolman.com\/landing\/about-us\/la-artista\/?lang=es#breadcrumb"},"inLanguage":"en-US","potentialAction":[{"@type":"ReadAction","target":["https:\/\/www.mirjampolman.com\/landing\/about-us\/la-artista\/?lang=es"]}]},{"@type":"ImageObject","inLanguage":"en-US","@id":"https:\/\/www.mirjampolman.com\/landing\/about-us\/la-artista\/?lang=es#primaryimage","url":"https:\/\/www.mirjampolman.com\/wp-content\/uploads\/2025\/06\/Tripadvsor-BazArt-La-Gomera-foto-6-1024x576.jpg","contentUrl":"https:\/\/www.mirjampolman.com\/wp-content\/uploads\/2025\/06\/Tripadvsor-BazArt-La-Gomera-foto-6-1024x576.jpg"},{"@type":"BreadcrumbList","@id":"https:\/\/www.mirjampolman.com\/landing\/about-us\/la-artista\/?lang=es#breadcrumb","itemListElement":[{"@type":"ListItem","position":1,"name":"Home","item":"https:\/\/www.mirjampolman.com\/landing\/about-us\/"},{"@type":"ListItem","position":2,"name":"La Artista"}]},{"@type":"WebSite","@id":"https:\/\/www.mirjampolman.com\/landing\/about-us\/#website","url":"https:\/\/www.mirjampolman.com\/landing\/about-us\/","name":"BazArt La Gomera","description":"Fine Art &amp; Handmade Gifts","potentialAction":[{"@type":"SearchAction","target":{"@type":"EntryPoint","urlTemplate":"https:\/\/www.mirjampolman.com\/landing\/about-us\/?s={search_term_string}"},"query-input":{"@type":"PropertyValueSpecification","valueRequired":true,"valueName":"search_term_string"}}],"inLanguage":"en-US"}]}},"jetpack_shortlink":"https:\/\/wp.me\/P8rZK3-16N","jetpack_likes_enabled":true,"jetpack_sharing_enabled":true,"_links":{"self":[{"href":"https:\/\/www.mirjampolman.com\/landing\/about-us\/wp-json\/wp\/v2\/pages\/4265","targetHints":{"allow":["GET"]}}],"collection":[{"href":"https:\/\/www.mirjampolman.com\/landing\/about-us\/wp-json\/wp\/v2\/pages"}],"about":[{"href":"https:\/\/www.mirjampolman.com\/landing\/about-us\/wp-json\/wp\/v2\/types\/page"}],"author":[{"embeddable":true,"href":"https:\/\/www.mirjampolman.com\/landing\/about-us\/wp-json\/wp\/v2\/users\/1"}],"replies":[{"embeddable":true,"href":"https:\/\/www.mirjampolman.com\/landing\/about-us\/wp-json\/wp\/v2\/comments?post=4265"}],"version-history":[{"count":27,"href":"https:\/\/www.mirjampolman.com\/landing\/about-us\/wp-json\/wp\/v2\/pages\/4265\/revisions"}],"predecessor-version":[{"id":8381,"href":"https:\/\/www.mirjampolman.com\/landing\/about-us\/wp-json\/wp\/v2\/pages\/4265\/revisions\/8381"}],"wp:attachment":[{"href":"https:\/\/www.mirjampolman.com\/landing\/about-us\/wp-json\/wp\/v2\/media?parent=4265"}],"curies":[{"name":"wp","href":"https:\/\/api.w.org\/{rel}","templated":true}]}}